{"id":30,"date":"2015-04-28T15:58:53","date_gmt":"2015-04-28T15:58:53","guid":{"rendered":"http:\/\/cefmiranda.org\/esp\/?page_id=30"},"modified":"2016-05-24T17:07:25","modified_gmt":"2016-05-24T17:07:25","slug":"biblioteca-de-autor","status":"publish","type":"page","link":"https:\/\/cefmiranda.org\/esp\/biblioteca-de-autor\/","title":{"rendered":"Biblioteca de Autor"},"content":{"rendered":"<p>[et_pb_section admin_label=\u00bbSecci\u00f3n\u00bb fullwidth=\u00bbon\u00bb specialty=\u00bboff\u00bb][et_pb_fullwidth_slider admin_label=\u00bbControl deslizante de anchura completa\u00bb show_arrows=\u00bboff\u00bb show_pagination=\u00bboff\u00bb auto=\u00bbon\u00bb auto_ignore_hover=\u00bboff\u00bb parallax=\u00bboff\u00bb parallax_method=\u00bboff\u00bb remove_inner_shadow=\u00bboff\u00bb background_position=\u00bbdefault\u00bb background_size=\u00bbdefault\u00bb hide_content_on_mobile=\u00bboff\u00bb hide_cta_on_mobile=\u00bboff\u00bb show_image_video_mobile=\u00bboff\u00bb custom_button=\u00bboff\u00bb button_letter_spacing=\u00bb0&#8243; button_use_icon=\u00bbdefault\u00bb button_icon_placement=\u00bbright\u00bb button_on_hover=\u00bbon\u00bb button_letter_spacing_hover=\u00bb0&#8243; auto_speed=\u00bb3500&#8243;] [et_pb_slide background_image=\u00bbhttps:\/\/cefmiranda.org\/esp\/wp-content\/uploads\/2015\/09\/3715-CEF-Miranda-1440px.jpg\u00bb background_position=\u00bbdefault\u00bb background_size=\u00bbdefault\u00bb background_color=\u00bb#ffffff\u00bb alignment=\u00bbcenter\u00bb background_layout=\u00bbdark\u00bb allow_player_pause=\u00bboff\u00bb header_font_select=\u00bbdefault\u00bb body_font_select=\u00bbdefault\u00bb custom_button=\u00bboff\u00bb button_font_select=\u00bbdefault\u00bb button_use_icon=\u00bbdefault\u00bb button_icon_placement=\u00bbright\u00bb button_on_hover=\u00bbon\u00bb heading=\u00bbBiblioteca de Autor\u00bb] [\/et_pb_slide][et_pb_slide background_image=\u00bbhttps:\/\/cefmiranda.org\/esp\/wp-content\/uploads\/2015\/09\/3702-CEF-Miranda-1440px.jpg\u00bb background_position=\u00bbdefault\u00bb background_size=\u00bbdefault\u00bb background_color=\u00bb#ffffff\u00bb alignment=\u00bbcenter\u00bb background_layout=\u00bbdark\u00bb allow_player_pause=\u00bboff\u00bb header_font_select=\u00bbdefault\u00bb body_font_select=\u00bbdefault\u00bb custom_button=\u00bboff\u00bb button_font_select=\u00bbdefault\u00bb button_use_icon=\u00bbdefault\u00bb button_icon_placement=\u00bbright\u00bb button_on_hover=\u00bbon\u00bb heading=\u00bbBiblioteca de Autor\u00bb] [\/et_pb_slide][et_pb_slide background_image=\u00bbhttps:\/\/cefmiranda.org\/esp\/wp-content\/uploads\/2015\/09\/3755-CEF-Miranda-1440px.jpg\u00bb background_position=\u00bbdefault\u00bb background_size=\u00bbdefault\u00bb background_color=\u00bb#ffffff\u00bb alignment=\u00bbcenter\u00bb background_layout=\u00bbdark\u00bb allow_player_pause=\u00bboff\u00bb header_font_select=\u00bbdefault\u00bb body_font_select=\u00bbdefault\u00bb custom_button=\u00bboff\u00bb button_font_select=\u00bbdefault\u00bb button_use_icon=\u00bbdefault\u00bb button_icon_placement=\u00bbright\u00bb button_on_hover=\u00bbon\u00bb heading=\u00bbBiblioteca de Autor\u00bb] [\/et_pb_slide] [\/et_pb_fullwidth_slider][\/et_pb_section][et_pb_section admin_label=\u00bbSecci\u00f3n\u00bb fullwidth=\u00bboff\u00bb specialty=\u00bbon\u00bb transparent_background=\u00bboff\u00bb background_color=\u00bb#cfe0be\u00bb allow_player_pause=\u00bboff\u00bb inner_shadow=\u00bboff\u00bb parallax=\u00bboff\u00bb parallax_method=\u00bboff\u00bb padding_mobile=\u00bboff\u00bb make_fullwidth=\u00bboff\u00bb use_custom_width=\u00bboff\u00bb width_unit=\u00bbon\u00bb make_equal=\u00bboff\u00bb use_custom_gutter=\u00bboff\u00bb][et_pb_column type=\u00bb3_4&#8243; specialty_columns=\u00bb3&#8243;][et_pb_row_inner admin_label=\u00bbFila\u00bb][et_pb_column_inner type=\u00bb4_4&#8243; saved_specialty_column_type=\u00bb3_4&#8243;][et_pb_text admin_label=\u00bbTexto\u00bb background_layout=\u00bblight\u00bb text_orientation=\u00bbleft\u00bb use_border_color=\u00bboff\u00bb border_color=\u00bb#ffffff\u00bb border_style=\u00bbsolid\u00bb]<\/p>\n<p><strong>Biblioteca de Autor \u00a0<\/strong><\/p>\n<p>La Biblioteca de Autor (BA) de Jos\u00e9 Porfirio Miranda ofrece a los investigadores acceso a los m\u00e1s de 3000 libros que la componen.<\/p>\n<p><strong>Procedimiento para adquirir un libro de la Biblioteca de Autor<\/strong><\/p>\n<ol>\n<li>Acudir a las Instalaciones o descargar el cat\u00e1logo de la Biblioteca.<\/li>\n<li>El interesado escoge por cat\u00e1logo la obra que desea leer o consultar.<\/li>\n<li>El bibliotecario entrega una copia en formato pdf.<\/li>\n<li>Si el escaneo es de gran magnitud, se acordar\u00e1 un tiempo para su entrega.<\/li>\n<\/ol>\n<p><strong>Solicitud Virtual.<\/strong><\/p>\n<p>La solicitud del material puede hacerse directamente en la biblioteca o en forma virtual a trav\u00e9s del correo <strong>maryduran58@hotmail.com<\/strong><\/p>\n<p><strong>Lugar de lectura.<\/strong><\/p>\n<p>La lectura de los libros virtuales puede hacerse en la biblioteca adjunta, al lado de la biblioteca de autor.<\/p>\n<p><strong>Libro Bit\u00e1cora.<\/strong><\/p>\n<p>Toda persona que consulta la Biblioteca de Autor, firmar\u00e1 el Libro Bit\u00e1cora poniendo fecha, libro, cap\u00edtulos del libro o libros que demand\u00f3.<\/p>\n<p><strong>Restricciones de la Biblioteca.<\/strong><\/p>\n<p>Los libros de la Biblioteca de Autor no est\u00e1n disponibles f\u00edsicamente\u00a0 al p\u00fablico que los requiere.<\/p>\n<p>La \u00fanica persona que tiene acceso directo a ellos y puede sacarlos de sus estantes es el bibliotecario o bibliotecaria.<\/p>\n<p>Las dem\u00e1s personas pueden acceder al libro que deseen\u00a0 en forma virtual.<\/p>\n<p>&nbsp;<\/p>\n<p>[\/et_pb_text][et_pb_cta admin_label=\u00bbLlamada a la acci\u00f3n\u00bb title=\u00bbBiblioteca de Autor\u00bb url_new_window=\u00bbon\u00bb button_text=\u00bbDescarga el Cat\u00e1logo aqu\u00ed \u00bb use_background_color=\u00bbon\u00bb background_color=\u00bb#b7c99d\u00bb background_layout=\u00bbdark\u00bb text_orientation=\u00bbleft\u00bb use_border_color=\u00bboff\u00bb border_color=\u00bb#ffffff\u00bb border_style=\u00bbsolid\u00bb custom_button=\u00bboff\u00bb button_letter_spacing=\u00bb0&#8243; button_use_icon=\u00bbdefault\u00bb button_icon_placement=\u00bbright\u00bb button_on_hover=\u00bbon\u00bb button_letter_spacing_hover=\u00bb0&#8243; button_url=\u00bbhttp:\/\/www.cefmiranda.org\/store-home\/catalogo.xlsx\u00bb] [\/et_pb_cta][\/et_pb_column_inner][\/et_pb_row_inner][\/et_pb_column][et_pb_column type=\u00bb1_4&#8243;][et_pb_sidebar admin_label=\u00bbBarra lateral\u00bb orientation=\u00bbleft\u00bb area=\u00bbsidebar-1&#8243; background_layout=\u00bblight\u00bb remove_border=\u00bbon\u00bb] [\/et_pb_sidebar][\/et_pb_column][\/et_pb_section]<\/p>\n","protected":false},"excerpt":{"rendered":"<p>Biblioteca de Autor \u00a0 La Biblioteca de Autor (BA) de Jos\u00e9 Porfirio Miranda ofrece a los investigadores acceso a los m\u00e1s de 3000 libros que la componen. Procedimiento para adquirir un libro de la Biblioteca de Autor Acudir a las Instalaciones o descargar el cat\u00e1logo de la Biblioteca. El interesado escoge por cat\u00e1logo la obra [&hellip;]<\/p>\n","protected":false},"author":1,"featured_media":0,"parent":0,"menu_order":0,"comment_status":"closed","ping_status":"closed","template":"","meta":{"_bbp_topic_count":0,"_bbp_reply_count":0,"_bbp_total_topic_count":0,"_bbp_total_reply_count":0,"_bbp_voice_count":0,"_bbp_anonymous_reply_count":0,"_bbp_topic_count_hidden":0,"_bbp_reply_count_hidden":0,"_bbp_forum_subforum_count":0,"_et_pb_use_builder":"on","_et_pb_old_content":"","_et_gb_content_width":"","footnotes":""},"class_list":["post-30","page","type-page","status-publish","hentry"],"_links":{"self":[{"href":"https:\/\/cefmiranda.org\/esp\/wp-json\/wp\/v2\/pages\/30","targetHints":{"allow":["GET"]}}],"collection":[{"href":"https:\/\/cefmiranda.org\/esp\/wp-json\/wp\/v2\/pages"}],"about":[{"href":"https:\/\/cefmiranda.org\/esp\/wp-json\/wp\/v2\/types\/page"}],"author":[{"embeddable":true,"href":"https:\/\/cefmiranda.org\/esp\/wp-json\/wp\/v2\/users\/1"}],"replies":[{"embeddable":true,"href":"https:\/\/cefmiranda.org\/esp\/wp-json\/wp\/v2\/comments?post=30"}],"version-history":[{"count":0,"href":"https:\/\/cefmiranda.org\/esp\/wp-json\/wp\/v2\/pages\/30\/revisions"}],"wp:attachment":[{"href":"https:\/\/cefmiranda.org\/esp\/wp-json\/wp\/v2\/media?parent=30"}],"curies":[{"name":"wp","href":"https:\/\/api.w.org\/{rel}","templated":true}]}}